. What is the units digit of a?
6
Let r(q) = 3 - 63*q**3 - 3*q**2 + 33*q**3 + 10 + 29*q**3 + 16*q. What is the tens digit of r(-6)?
2
Let j be (63/35)/(6/40). What is the tens digit of (-172)/j*-5 - (-1)/3?
7
Let r(w) = 6*w**2 + 10*w + 1. Let z be ((4 - -3) + -4)*-2. What is the hundreds digit of r(z)?
1
Let m(g) = g - 3*g - 47 + 43. Let t be m(-3). What is the units digit of 8 + 2 - (t + -2)?
0
Let d = -22 - -104. Let v = 264 - 235. Let s = d - v. What is the units digit of s?
3
Let q = 3 + 0. Suppose 536 = q*f - 91. Suppose f = 4*y - 55. What is the tens digit of y?
6
Suppose 4*d + 2*m - 1320 = 0, -4*m + 7*m = 0. Suppose -10*a = -15*a + d. What is the units digit of a?
6
Suppose 431*o - 437*o + 2742 = 0. What is the units digit of o?
7
What is the hundreds digit of 3 - (-248 + (7 - 5))?
2
What is the thousands digit of 82068/63*6/4?
1
Let c(u) = -u**2 + 5*u + 6. Let i be c(6). Suppose -5*m + 2*m + 9 = i. Suppose 0 = -4*d + m*a + 42, -17 = -4*d - a + 17. What is the units digit of d?
9
What is the hundreds digit of (-1011)/2*16/(-12)?
6
Let d(v) = v**3 - v**2 + v + 377. What is the units digit of d(0)?
7
Suppose d - 986 = -k - 4*k, 4*k = 4*d - 3896. What is the units digit of d?
6
Let i(a) = -63*a**3 - 2*a**2 + 7*a + 10. What is the units digit of i(-2)?
2
Suppose -77 = u + 51. What is the tens digit of (-4848)/u - 2/(-16)?
3
Suppose 4*b = 11 + 85. Suppose 26*f - b*f = 20. What is the units digit of f?
0
Let a = 711 - 30. What is the tens digit of a?
8
Let c = -17 - -11. Let u be c/(-9) + 8/6. Suppose 0*t - 4*t = -u*s - 28, -3*t - s + 21 = 0. What is the units digit of t?
7
Let l = -36 + 36. Suppose -2*a + 108 + 6 = l. What is the units digit of a?
7
Suppose -50 = 4*a - 3*a. What is the units digit of (-12)/(4 + 215/a)?
0
Let n(v) = 481*v**2 - 13*v - 12. What is the tens digit of n(-1)?
8
What is the tens digit of ((-1848)/18)/((-4)/6)?
5
Let v = 5359 + -2776. What is the units digit of v?
3
Let l(k) = k**3 + 3*k**2 - 7*k + 4. Let t be l(-4). Let d = t - -35. What is the units digit of d?
1
Let w = 23 + 124. Suppose 5*z = -2*c + 221, -3*z + 2*c + w - 24 = 0. What is the tens digit of z?
4
Let o = 22 + -17. Let p be 1/4 + (-22)/(-8). What is the units digit of 4/(p - o)*-13?
6
Let c(r) = 6*r + 59. Let m be c(-20). Let z = 43 - m. What is the tens digit of z?
0
Let a = 5 + -2. Let h(s) = -s + 24. Let t be h(0). Suppose -t = -a*i - i. What is the units digit of i?
6
Let b(w) = -6*w + 8. Let k(p) = -p**3 + 9*p**2 - 8*p - 11. Let u be k(8). What is the units digit of b(u)?
4
Let c(t) = 225*t**2 - 25*t + 2. What is the tens digit of c(-2)?
5
Let b = 49 - 48. What is the units digit of (-5)/b*(-8)/20?
2
Let l(s) = -2*s**3 - 13*s**2 - 13*s - 20. What is the tens digit of l(-9)?
0
Let m be ((-30)/4 - 0)*(-28)/42. Suppose z - m*z - s = -195, -s = -4*z + 197. What is the units digit of z?
9
Let i(w) = -w**3 + 29*w**2 + 34*w - 76. What is the units digit of i(30)?
4
Let d be (1 - -1 - 3)*-7. Suppose 6*f - d*f + 3 = 0. Suppose -53 = -2*o - f. What is the tens digit of o?
2
Let b be (-3)/(-6) + 50/(-4). Let l(d) = -d**3 - d + 1. Let q(c) = 5*c**3 - 11*c**2 + 15*c - 10. Let x(r) = 6*l(r) + q(r). What is the tens digit of x(b)?
3
Suppose 2*y + s = -s - 350, -2*y - 353 = 5*s. Let m = y - -298. Suppose n + m = 3*n. What is the tens digit of n?
6
Let t(q) = q**3 + 10*q**2 + 8*q - 4. Let x be t(-7). What is the units digit of ((-16)/6)/(-4)*x?
8
Suppose -2*m - 9 + 23 = 0. Let j(c) = -c**3 + 5*c**2 + 19*c - 14. Let t be j(m). Suppose -4*w - 6 = -3*y + 16, -3*y = -3*w - t. What is the units digit of y?
6
Let f(z) = -z**3 - 8*z**2 - 7*z + 7. Let g be f(-7). Let l(y) = -y**3 - 2*y + 7*y**2 - 3*y - 5 + g. What is the units digit of l(4)?
0
Suppose -4*t - 20 = 4*j, 2*t - 3*j = -3 + 18. Suppose -9*q + 162 = -t*q. What is the tens digit of q?
1
Suppose -3*q - 561 = -i, -3*q = i - 293 - 268. What is the units digit of i?
1
Let g = -26 + 30. Let l = 17 - g. What is the units digit of l?
3
Let s = -302 - -82. Let d = s + 326. What is the hundreds digit of d?
1
Let x be (-7 - (-1 - 2)) + 12. Suppose 5*s = x + 2. Suppose -2*o + 78 = 3*r, -4*o - 40 = s*r - 3*r. What is the tens digit of r?
2
Let g = 15 + -7. Let z = 10 - g. What is the units digit of (-2 - -4) + -1 + z?
3
Let b(d) = -4*d**2 - 40*d + 30. Let f(c) = 2*c**2 + 20*c - 15. Let t(q) = -3*b(q) - 5*f(q). What is the hundreds digit of t(7)?
2
Suppose -13022 = -43*h - 423. What is the units digit of h?
3
Let i(b) = -b + 2. Let j be i(4). Let g(c) = -2*c**3 - 2*c**2 - 2*c - 3. Let f be g(j). Suppose -f*u + 50 = -7*u. What is the units digit of u?
5
Suppose -3*w + 415 = -t, 0*t + t = -1. Let u = -87 + w. What is the tens digit of u?
5
Let c(o) = o**3 - 2*o**2 - 3*o - 4. Let l = -11 - -14. Let m be c(l). Let i = m - -10. What is the units digit of i?
6
Let w(y) = -y**3 + y**2 - 32. Let q be w(0). Let k = 34 + q. Suppose -k*z - z = -15, 161 = 2*u + 5*z. What is the tens digit of u?
6
Let g = 3010 - 1375. What is the units digit of g?
5
Let i = -97 - -115. What is the units digit of -2*(-2)/i + (-2626)/(-9)?
2
Let t be 53/11 + 2/11. Suppose -3*p - t = -5*l + 19, -18 = -2*l + 4*p. Suppose l*x = -x + 80. What is the tens digit of x?
2
Let t(v) = -v**3 + 5*v**2 + 8*v - 14. Let x be t(6). Let z(a) = -49*a + 2. Let h be z(x). Let g = 140 - h. What is the units digit of g?
0
Suppose -30 = -0*g - 10*g. Suppose -g*p + 962 = 4*l - 6*p, 3*l - 3*p - 720 = 0. What is the units digit of l?
2
Let w be 12/(-30) - (-42)/5. Let h(v) = -v**2 + 12*v - 1. What is the units digit of h(w)?
1
Let q(b) = b**3 + 17*b**2 - 19*b - 15. Let w be q(-18). Suppose -12*s + 495 = -w*s. What is the tens digit of s?
5
Suppose -44*g + 18484 + 30004 = 0. What is the thousands digit of g?
1
Let i be 3/(-3)*(1 + 2). Suppose 4 + 11 = -u. What is the tens digit of (-8)/(-20)*i*u?
1
Suppose 3*s - x = s + 993, -3 = 3*x. What is the units digit of s?
6
Let y be (35 + 1)*9/27. Let b(v) = -v**2 + 14*v + 4. Let w be b(y). What is the units digit of (w/(-5))/(14/(-35))?
4
Let i(q) = q**2 + 3*q + 65. Let u = 1 - 1. What is the tens digit of i(u)?
6
Suppose -5*r - 734 - 1335 = -4*b, -2*b + 4*r = -1036. What is the units digit of b?
6
Let h be (1/2 - 0)*-10. Let l(c) = -c**3 - 4*c**2 - 4*c - 7. Let q be l(h). Let u = q + -30. What is the units digit of u?
8
Suppose -o = -4*o, 11300 = 5*i - 5*o. What is the units digit of i?
0
Let n = -620 - -1351. What is the units digit of n?
1
Let p = 10 - 20. Let n be -8 + 7 - p/1. What is the tens digit of (-2)/n - 209/(-9)?
2
Let b(c) = 5*c**2 - 3*c. Let d = -7 + 11. Let g be b(d). What is the tens digit of g/3 + 4/(-6)?
2
Let p(s) = s**3 + 7*s**2 + 3*s + 4. Let h be p(-5). Let k(v) = -2*v + 4. Let d be k(0). Suppose -w = -5*b - h, -6 = w + d*b - 63. What is the units digit of w?
9
Let s(k) = k**3 - 10*k**2 - 20*k + 295. What is the hundreds digit of s(15)?
1
Suppose -2*f + 14 = 2*j, -5*j + 22 + 1 = -f. Let t be -3*(184/(-6) + f). Suppose -2*r = -3*l + 233, 0*l + l - t = -r. What is the units digit of l?
1
Let i be -3 - -7 - 1 - 3. Suppose i = 8*a + a - 945. What is the hundreds digit of a?
1
Suppose 2*f = 4*m + 471 + 363, -3*f = 3*m - 1260. What is the tens digit of f?
1
Let l(k) = 538*k**2 - k. What is the tens digit of l(-2)?
5
Let x = -2097 + 2321. What is the tens digit of x?
2
What is the hundreds digit of (-43 - -45)/(2/6) + 1182?
1
Let t be (-4)/12 - 4/(-3). Let z be t/(-6) - 2936/(-48). Let o = z + -29. What is the units digit of o?
2
Suppose 0 = -2*v - 2*j - 34, 0 = -3*v + 4*j - 17 + 1. Suppose 5*o = -4*i - 78, o = -5*i - 60 - 27. Let b = v - i. What is the units digit of b?
5
Let c(h) = -4*h + 11. Suppose -3*t = 3, -4*p - 5*t + 11 = -2*p. Let n be c(p). What is the units digit of (-1 - 1)/(6/n)?
7
What is the units digit of (5 + 1)*2 - -2966?
8
Let j = 1 - -3. Suppose 7*p = -j*p + 132. What is the units digit of p?
2
Suppose -g - 8 = -2*l - 50, 4*g - 153 = 3*l. What is the units digit of g?
6
Suppose -9 = -0*m - m. Let i = m - 7. Suppose -i*a + 19 + 17 = 0. What is the units digit of a?
8
Suppose -4*k + 618 + 1990 = 3*d, -4*d = 5*k - 3260. What is the units digit of k?
2
What is the thousands digit of (4/24)/(6/(-2220))*-18?
1
Let q(v) = 5*v**2 - 23*v - 28. What is the units digit of q(14)?
0
Suppose 3*v - i = 2276, -3*i 